{"id":177,"date":"2022-07-20T21:17:18","date_gmt":"2022-07-20T21:17:18","guid":{"rendered":"https:\/\/acueductocomunitarioaqua7.org\/?page_id=177"},"modified":"2022-07-21T22:13:23","modified_gmt":"2022-07-21T22:13:23","slug":"valores-corporativos","status":"publish","type":"page","link":"https:\/\/acueductocomunitarioaqua7.org\/index.php\/valores-corporativos\/","title":{"rendered":"Valores Corporativos"},"content":{"rendered":"\n<p>\u2022<strong>Compromiso: <\/strong>Nos caracterizamos por realizar un trabajo bien hecho, garantizando el cumplimiento de las actividades adquiridas y contribuyendo a resaltar una imagen de prestigio con sentido de pertenec\u00eda.<\/p>\n\n\n\n<p>\u2022<strong>Eficiencia:<\/strong> Los recursos de la asociaci\u00f3n ser\u00e1n optimizados, procurando el m\u00e1ximo beneficio y costos racionales para el sostenimiento del acueducto.<\/p>\n\n\n\n<p>\u2022<strong>\u00c9tica: <\/strong>El comportamiento de los trabajadores y cuerpos directivos estar\u00e1n enmarcado en toda circunstancia dentro de los principios de honestidad, equidad y justicia.<\/p>\n\n\n\n<p>\u2022<strong>Honestidad:<\/strong> Los recursos de la asociaci\u00f3n\u00a0 ser\u00e1n destinados por sus servidores a las actividades propias del cargo. Los organismos de control correspondientes ser\u00e1n notificados de cualquier caso de fraude, hurto, malversaci\u00f3n de fondos, tr\u00e1fico de influencias o pr\u00e1cticas contrarias a la Ley o que violen el estatuto de la asociaci\u00f3n.<\/p>\n\n\n\n<p>\u2022<strong>Orientaci\u00f3n al Cliente: <\/strong>Satisfacemos y superamos las expectativas de los suscriptores y\/o asociados quienes esperan una respuesta de la asociaci\u00f3n, generando un ambiente de tranquilidad, confianza mutua&nbsp; y fidelidad. Teniendo en cuanta lo que significan y la importancia que tiene nuestro entorno.<\/p>\n\n\n\n<p>\u2022<strong>Respeto: <\/strong>Manifestaci\u00f3n fundamental para una convivencia sana pac\u00edfica entre los miembros de una sociedad y\/o comunidad. Valorando la opini\u00f3n de los dem\u00e1s e ideas nuevas, siendo tolerantes con nuestros asociados y el entorno.<\/p>\n\n\n\n<p>\u2022<strong>Responsabilidad&nbsp; <\/strong>compromiso y capacidad para asumir las consecuencias, los actos y las omisiones en cumplimiento de la finalidad del estatuto de la asociaci\u00f3n de usuarios del acueducto regional de san Jos\u00e9, rancho grande, la Cecilita, el centro, loma de tigre, Montebello y san isidro de chichimene.&nbsp; As\u00ed&nbsp; como para desarrollar las funciones y la prestaci\u00f3n de los servicios con calidad, pertinencia y diligencia.<\/p>\n\n\n\n<p>\u2022<strong>Sentido de pertenencia<\/strong>: Aqu\u00ed los trabajadores se caracterizan por querer a la asociaci\u00f3n, sinti\u00e9ndola suya para que \u00e9sta crezca y logre un posicionamiento en la regi\u00f3n.<\/p>\n\n\n\n<p>\u2022<strong>Servicio:<\/strong> Los funcionarios al servicio de la asociaci\u00f3n\u00a0 tendr\u00e1n claro que el usuario de los servicios, es la principal raz\u00f3n de ser.<\/p>\n\n\n\n<p>\u2022<strong>Solidaridad: <\/strong>Reconoce el liderazgo y la felicidad de interactuar con la comunidad enfocado en un trabajo social. Dar cumplimiento a quien lo merece, dando incentivos para continuar un trabajo mejor.<\/p>\n\n\n\n<p>\u2022<strong>Trabajo en Equipo: <\/strong>somos un grupo de personas que se necesitan entre s\u00ed, actuamos comprometidos con un prop\u00f3sito en com\u00fan, la comunidad, compartimos recursos e informaci\u00f3n con muy buena actitud y disposici\u00f3n de trabajar, adem\u00e1s somos mutuamente responsables por los resultados.<\/p>\n\n\n\n<p>\u2022<strong>Tolerancia: <\/strong>En la asociaci\u00f3n de usuarios del acueducto regional de san Jos\u00e9, rancho grande, la Cecilita, el centro, loma de tigre, Montebello y san isidro de chichimene se permite el libre ejercicio de la confrontaci\u00f3n de las ideas, Respeto hacia las opiniones y pr\u00e1cticas de los dem\u00e1s.<\/p>\n\n\n\n<p>\u2022<strong>Transparencia: <\/strong>En la asociaci\u00f3n de usuarios del acueducto regional de san Jos\u00e9, rancho grande, la Cecilita, el centro, loma de tigre, Montebello y san isidro de chichimene.&nbsp; Se comunican ampliamente los resultados de la gesti\u00f3n y se entrega&nbsp; la informaci\u00f3n solicitada de manera veraz y oportuna a la comunidad.<\/p>\n","protected":false},"excerpt":{"rendered":"<p>\u2022Compromiso: Nos caracterizamos por realizar un trabajo bien hecho, garantizando el cumplimiento de las actividades adquiridas y contribuyendo a resaltar una imagen de prestigio con sentido de pertenec\u00eda. \u2022Eficiencia: Los recursos de la asociaci\u00f3n ser\u00e1n optimizados, procurando el m\u00e1ximo beneficio y costos racionales para el sostenimiento del acueducto. \u2022\u00c9tica: El comportamiento de los trabajadores y &hellip; <\/p>\n","protected":false},"author":1,"featured_media":0,"parent":0,"menu_order":0,"comment_status":"closed","ping_status":"closed","template":"","meta":{"om_disable_all_campaigns":false,"_monsterinsights_skip_tracking":false,"_monsterinsights_sitenote_active":false,"_monsterinsights_sitenote_note":"","_monsterinsights_sitenote_category":0,"footnotes":""},"_links":{"self":[{"href":"https:\/\/acueductocomunitarioaqua7.org\/index.php\/wp-json\/wp\/v2\/pages\/177"}],"collection":[{"href":"https:\/\/acueductocomunitarioaqua7.org\/index.php\/wp-json\/wp\/v2\/pages"}],"about":[{"href":"https:\/\/acueductocomunitarioaqua7.org\/index.php\/wp-json\/wp\/v2\/types\/page"}],"author":[{"embeddable":true,"href":"https:\/\/acueductocomunitarioaqua7.org\/index.php\/wp-json\/wp\/v2\/users\/1"}],"replies":[{"embeddable":true,"href":"https:\/\/acueductocomunitarioaqua7.org\/index.php\/wp-json\/wp\/v2\/comments?post=177"}],"version-history":[{"count":2,"href":"https:\/\/acueductocomunitarioaqua7.org\/index.php\/wp-json\/wp\/v2\/pages\/177\/revisions"}],"predecessor-version":[{"id":222,"href":"https:\/\/acueductocomunitarioaqua7.org\/index.php\/wp-json\/wp\/v2\/pages\/177\/revisions\/222"}],"wp:attachment":[{"href":"https:\/\/acueductocomunitarioaqua7.org\/index.php\/wp-json\/wp\/v2\/media?parent=177"}],"curies":[{"name":"wp","href":"https:\/\/api.w.org\/{rel}","templated":true}]}}